{"id":149,"date":"2018-04-19T10:22:48","date_gmt":"2018-04-19T10:22:48","guid":{"rendered":"https:\/\/vejbyogson.dk\/?page_id=149"},"modified":"2020-05-14T19:36:29","modified_gmt":"2020-05-14T19:36:29","slug":"gulvbehandling","status":"publish","type":"page","link":"https:\/\/vejbyogson.dk\/?page_id=149","title":{"rendered":"Gulvbehandling"},"content":{"rendered":"<p>[et_pb_section fb_built=&#8221;1&#8243; fullwidth=&#8221;on&#8221; _builder_version=&#8221;3.22.3&#8243;][et_pb_fullwidth_slider _builder_version=&#8221;4.4.6&#8243; background_repeat=&#8221;repeat&#8221; auto=&#8221;on&#8221; button_text_size__hover_enabled=&#8221;off&#8221; button_one_text_size__hover_enabled=&#8221;off&#8221; button_two_text_size__hover_enabled=&#8221;off&#8221; button_text_color__hover_enabled=&#8221;off&#8221; button_one_text_color__hover_enabled=&#8221;off&#8221; button_two_text_color__hover_enabled=&#8221;off&#8221; button_border_width__hover_enabled=&#8221;off&#8221; button_one_border_width__hover_enabled=&#8221;off&#8221; button_two_border_width__hover_enabled=&#8221;off&#8221; button_border_color__hover_enabled=&#8221;off&#8221; button_one_border_color__hover_enabled=&#8221;off&#8221; button_two_border_color__hover_enabled=&#8221;off&#8221; button_border_radius__hover_enabled=&#8221;off&#8221; button_one_border_radius__hover_enabled=&#8221;off&#8221; button_two_border_radius__hover_enabled=&#8221;off&#8221; button_letter_spacing__hover_enabled=&#8221;off&#8221; button_one_letter_spacing__hover_enabled=&#8221;off&#8221; button_two_letter_spacing__hover_enabled=&#8221;off&#8221; button_bg_color__hover_enabled=&#8221;off&#8221; button_one_bg_color__hover_enabled=&#8221;off&#8221; button_two_bg_color__hover_enabled=&#8221;off&#8221;][et_pb_slide _builder_version=&#8221;3.16&#8243; background_color=&#8221;#ffffff&#8221; background_image=&#8221;https:\/\/vejbyogson.dk\/wp-content\/uploads\/2018\/05\/Gulvbehandling_Slider1.jpg&#8221; button_text_size__hover_enabled=&#8221;off&#8221; button_one_text_size__hover_enabled=&#8221;off&#8221; button_two_text_size__hover_enabled=&#8221;off&#8221; button_text_color__hover_enabled=&#8221;off&#8221; button_one_text_color__hover_enabled=&#8221;off&#8221; button_two_text_color__hover_enabled=&#8221;off&#8221; button_border_width__hover_enabled=&#8221;off&#8221; button_one_border_width__hover_enabled=&#8221;off&#8221; button_two_border_width__hover_enabled=&#8221;off&#8221; button_border_color__hover_enabled=&#8221;off&#8221; button_one_border_color__hover_enabled=&#8221;off&#8221; button_two_border_color__hover_enabled=&#8221;off&#8221; button_border_radius__hover_enabled=&#8221;off&#8221; button_one_border_radius__hover_enabled=&#8221;off&#8221; button_two_border_radius__hover_enabled=&#8221;off&#8221; button_letter_spacing__hover_enabled=&#8221;off&#8221; button_one_letter_spacing__hover_enabled=&#8221;off&#8221; button_two_letter_spacing__hover_enabled=&#8221;off&#8221; button_bg_color__hover_enabled=&#8221;off&#8221; button_one_bg_color__hover_enabled=&#8221;off&#8221; button_two_bg_color__hover_enabled=&#8221;off&#8221;][\/et_pb_slide][et_pb_slide _builder_version=&#8221;3.16&#8243; background_color=&#8221;#ffffff&#8221; background_image=&#8221;https:\/\/vejbyogson.dk\/wp-content\/uploads\/2018\/05\/Gulvbehandling_Slider3.jpg&#8221; button_text_size__hover_enabled=&#8221;off&#8221; button_one_text_size__hover_enabled=&#8221;off&#8221; button_two_text_size__hover_enabled=&#8221;off&#8221; button_text_color__hover_enabled=&#8221;off&#8221; button_one_text_color__hover_enabled=&#8221;off&#8221; button_two_text_color__hover_enabled=&#8221;off&#8221; button_border_width__hover_enabled=&#8221;off&#8221; button_one_border_width__hover_enabled=&#8221;off&#8221; button_two_border_width__hover_enabled=&#8221;off&#8221; button_border_color__hover_enabled=&#8221;off&#8221; button_one_border_color__hover_enabled=&#8221;off&#8221; button_two_border_color__hover_enabled=&#8221;off&#8221; button_border_radius__hover_enabled=&#8221;off&#8221; button_one_border_radius__hover_enabled=&#8221;off&#8221; button_two_border_radius__hover_enabled=&#8221;off&#8221; button_letter_spacing__hover_enabled=&#8221;off&#8221; button_one_letter_spacing__hover_enabled=&#8221;off&#8221; button_two_letter_spacing__hover_enabled=&#8221;off&#8221; button_bg_color__hover_enabled=&#8221;off&#8221; button_one_bg_color__hover_enabled=&#8221;off&#8221; button_two_bg_color__hover_enabled=&#8221;off&#8221;][\/et_pb_slide][et_pb_slide _builder_version=&#8221;3.16&#8243; background_color=&#8221;#ffffff&#8221; background_image=&#8221;https:\/\/vejbyogson.dk\/wp-content\/uploads\/2018\/05\/Gulvbehandling_Slider2.jpg&#8221; button_text_size__hover_enabled=&#8221;off&#8221; button_one_text_size__hover_enabled=&#8221;off&#8221; button_two_text_size__hover_enabled=&#8221;off&#8221; button_text_color__hover_enabled=&#8221;off&#8221; button_one_text_color__hover_enabled=&#8221;off&#8221; button_two_text_color__hover_enabled=&#8221;off&#8221; button_border_width__hover_enabled=&#8221;off&#8221; button_one_border_width__hover_enabled=&#8221;off&#8221; button_two_border_width__hover_enabled=&#8221;off&#8221; button_border_color__hover_enabled=&#8221;off&#8221; button_one_border_color__hover_enabled=&#8221;off&#8221; button_two_border_color__hover_enabled=&#8221;off&#8221; button_border_radius__hover_enabled=&#8221;off&#8221; button_one_border_radius__hover_enabled=&#8221;off&#8221; button_two_border_radius__hover_enabled=&#8221;off&#8221; button_letter_spacing__hover_enabled=&#8221;off&#8221; button_one_letter_spacing__hover_enabled=&#8221;off&#8221; button_two_letter_spacing__hover_enabled=&#8221;off&#8221; button_bg_color__hover_enabled=&#8221;off&#8221; button_one_bg_color__hover_enabled=&#8221;off&#8221; button_two_bg_color__hover_enabled=&#8221;off&#8221;][\/et_pb_slide][et_pb_slide _builder_version=&#8221;4.4.6&#8243; background_color=&#8221;#ffffff&#8221; background_image=&#8221;https:\/\/vejbyogson.dk\/wp-content\/uploads\/2020\/05\/Gulvmaler_Slider-scaled.jpg&#8221; background_enable_image=&#8221;on&#8221; button_text_size__hover_enabled=&#8221;off&#8221; button_one_text_size__hover_enabled=&#8221;off&#8221; button_two_text_size__hover_enabled=&#8221;off&#8221; button_text_color__hover_enabled=&#8221;off&#8221; button_one_text_color__hover_enabled=&#8221;off&#8221; button_two_text_color__hover_enabled=&#8221;off&#8221; button_border_width__hover_enabled=&#8221;off&#8221; button_one_border_width__hover_enabled=&#8221;off&#8221; button_two_border_width__hover_enabled=&#8221;off&#8221; button_border_color__hover_enabled=&#8221;off&#8221; button_one_border_color__hover_enabled=&#8221;off&#8221; button_two_border_color__hover_enabled=&#8221;off&#8221; button_border_radius__hover_enabled=&#8221;off&#8221; button_one_border_radius__hover_enabled=&#8221;off&#8221; button_two_border_radius__hover_enabled=&#8221;off&#8221; button_letter_spacing__hover_enabled=&#8221;off&#8221; button_one_letter_spacing__hover_enabled=&#8221;off&#8221; button_two_letter_spacing__hover_enabled=&#8221;off&#8221; button_bg_color__hover_enabled=&#8221;off&#8221; button_one_bg_color__hover_enabled=&#8221;off&#8221; button_two_bg_color__hover_enabled=&#8221;off&#8221;][\/et_pb_slide][\/et_pb_fullwidth_slider][\/et_pb_section][et_pb_section fb_built=&#8221;1&#8243; _builder_version=&#8221;3.22.3&#8243;][et_pb_row _builder_version=&#8221;3.25&#8243; custom_padding=&#8221;||25px|||&#8221;][et_pb_column type=&#8221;4_4&#8243; _builder_version=&#8221;3.25&#8243; custom_padding=&#8221;|||&#8221; custom_padding__hover=&#8221;|||&#8221;][et_pb_text disabled_on=&#8221;off|off|off&#8221; _builder_version=&#8221;4.4.6&#8243; custom_padding=&#8221;||0px|||&#8221;]<\/p>\n<h1>Alt i gulvbehandling<\/h1>\n<p>Hos Malerfirma Kaj Vejby &amp; S\u00f8n d\u00e6kker vi ikke alene hele malerfaget &#8211; vi g\u00f8r langt mere end det. Vi tilbyder nemlig ogs\u00e5 behandling af gulv i mange sp\u00e6ndende varianter samt en lang r\u00e6kke special-opgaver, der bl.a. t\u00e6ller isolering, renovering, ops\u00e6tning af akustiklofter, spr\u00f8jtebehandling og bygnings-arbejde. Vi byder p\u00e5:<\/p>\n<p><strong>&#8211; Alle former for gulvbehandling til sm\u00e5 priser<\/strong><\/p>\n<p>Du finder ikke alene h\u00f8j kvalitet og veludf\u00f8rt arbejde, n\u00e5r du benytter dig af vores erfarne h\u00e5ndv\u00e6rkere, men du er ogs\u00e5 garanteret brug af kvalitet-materialer. Vi g\u00e5r ikke p\u00e5 kompromis med kvaliteten &#8211; selv om vi har skruet ned for priserne.<\/p>\n<p>Det er slet ikke s\u00e5 besv\u00e6rligt at f\u00e5 frisket dit gamle gulv op. Vi udf\u00f8rer alle vores arbejdsopgaver med st\u00f8rste professionalisme og stor effektivitet. Vi byder p\u00e5 mere end 50 \u00e5rs erfaring i branchen og tilbyder intet mindre end veludf\u00f8rt h\u00e5ndv\u00e6rk med fokus p\u00e5 flot finish og de sm\u00e5 fine detaljer, der g\u00f8r hele forskellen.<\/p>\n<p style=\"text-align: center;\"><strong>Vil du h\u00f8re mere om vores arbejde, og hvad vi kan g\u00f8re for dig?<\/strong><\/p>\n<p style=\"text-align: center;\"><a href=\"tel:+4540583063\" rel=\"nofollow\" class=\"blue-cta\">Ring til os p\u00e5 4058 3065<\/a><span style=\"font-size: 14px;\"><\/span><\/p>\n<p>[\/et_pb_text][\/et_pb_column][\/et_pb_row][et_pb_row column_structure=&#8221;1_3,1_3,1_3&#8243; _builder_version=&#8221;4.4.6&#8243;][et_pb_column type=&#8221;1_3&#8243; _builder_version=&#8221;4.4.6&#8243;][et_pb_image src=&#8221;https:\/\/vejbyogson.dk\/wp-content\/uploads\/2020\/05\/Gulvbehandling_Epoxygulv-300&#215;225.jpg&#8221; title_text=&#8221;Gulvbehandling_Epoxygulv&#8221; _builder_version=&#8221;4.4.6&#8243; hover_enabled=&#8221;0&#8243; url=&#8221;https:\/\/vejbyogson.dk\/vi-tilbyder\/epoxygulv\/&#8221;][\/et_pb_image][et_pb_blurb title=&#8221;Epoxy gulve&#8221; url=&#8221;https:\/\/vejbyogson.dk\/vi-tilbyder\/epoxygulv\/&#8221; _builder_version=&#8221;4.4.6&#8243; hover_enabled=&#8221;0&#8243;]<\/p>\n<p>Epoxy gulv udf\u00f8rt i kvalitets-materialer for for et flot og slidst\u00e6rkt gulv.<\/p>\n<p>[\/et_pb_blurb][\/et_pb_column][et_pb_column type=&#8221;1_3&#8243; _builder_version=&#8221;4.4.6&#8243;][et_pb_image src=&#8221;https:\/\/vejbyogson.dk\/wp-content\/uploads\/2020\/05\/Gulvbehandling_Oliering-300&#215;225.jpg&#8221; title_text=&#8221;Gulvbehandling_Oliering&#8221; url=&#8221;https:\/\/vejbyogson.dk\/vi-tilbyder\/641-2\/&#8221; _builder_version=&#8221;4.4.6&#8243; hover_enabled=&#8221;0&#8243;][\/et_pb_image][et_pb_blurb title=&#8221;Oliering af gulv&#8221; alt=&#8221;Vejby Maler gulvbehandling&#8221; _builder_version=&#8221;4.4.6&#8243; hover_enabled=&#8221;0&#8243; url=&#8221;https:\/\/vejbyogson.dk\/vi-tilbyder\/641-2\/&#8221;]<\/p>\n<p>Professionel oliering af gulv\u00a0giver et gulv st\u00f8rre modstands-dygtighed overfor snavs og skidt.\u00a0<\/p>\n<p>&nbsp;<\/p>\n<p>[\/et_pb_blurb][\/et_pb_column][et_pb_column type=&#8221;1_3&#8243; _builder_version=&#8221;4.4.6&#8243;][et_pb_image src=&#8221;https:\/\/vejbyogson.dk\/wp-content\/uploads\/2020\/05\/Gulvbehandling_Gulvmaler.jpg&#8221; title_text=&#8221;Gulvbehandling_Gulvmaler&#8221; url=&#8221;https:\/\/vejbyogson.dk\/vi-tilbyder\/maling-af-gulv\/&#8221; _builder_version=&#8221;4.4.6&#8243; hover_enabled=&#8221;0&#8243;][\/et_pb_image][et_pb_blurb title=&#8221;Maling af gulv&#8221; _builder_version=&#8221;4.4.6&#8243; hover_enabled=&#8221;0&#8243; url=&#8221;https:\/\/vejbyogson.dk\/vi-tilbyder\/maling-af-gulv\/&#8221;]<\/p>\n<p>Maling af gulve giver\u00a0 dit gamle gulv nyt liv.<\/p>\n<p>[\/et_pb_blurb][\/et_pb_column][\/et_pb_row][et_pb_row _builder_version=&#8221;3.25&#8243;][et_pb_column type=&#8221;4_4&#8243; _builder_version=&#8221;3.25&#8243; custom_padding=&#8221;|||&#8221; custom_padding__hover=&#8221;|||&#8221;][et_pb_text _builder_version=&#8221;3.29.3&#8243;]<\/p>\n<h1><\/h1>\n<h2>Smart og effektiv gulvbehandling af alle typer gulv<\/h2>\n<p>Vi udf\u00f8rer mange forskellige typer opgaver for b\u00e5de private hjem, virksomheder og p\u00e5 offentlige bygninger. N\u00e5r det g\u00e6lder opgaver udf\u00f8rt i forskellige st\u00f8rrelser og med fokus p\u00e5 forskellige af vores kompetencer og ekspertiser, s\u00e5 varierer prisen naturligvis efter den p\u00e5g\u00e6ldende opgave. Vi byder bl.a. p\u00e5:<\/p>\n<p>&#8211; Gulvafslibning<\/p>\n<p>&#8211; Gulvafh\u00f8vling<\/p>\n<p>&#8211; S\u00e6bebehandling<\/p>\n<p>&#8211; Lakering<\/p>\n<p>&#8211; Ludbehandling<\/p>\n<p>&#8211; Oliebehandling<\/p>\n<p>&#8211; Epoxy<\/p>\n<p>Vi giver dig gerne et gratis og uforpligtende tilbud p\u00e5 vores mange s\u00e6rlige kompetencer, der sikrer dig smart, effektivt og ikke mindst l\u00f8snings-orienteret behandling af alle typer opgaver.<\/p>\n<p>N\u00e5r du g\u00f8r brug af Malerfirma Kaj Vejby &amp; S\u00f8n f\u00e5r du ikke alene et flot resultat grundet vores brug af de bedste materialer i h\u00f8j kvalitet, men ogs\u00e5 et veludf\u00f8rt stykke arbejde. Vi er altid med til at sikre dig en h\u00f8j og ensartet kvalitet &#8211; det g\u00f8r vi bl.a. ved at v\u00e6re:<\/p>\n<p>&#8211; Medlem af Danske Malermestres Garantiordning<\/p>\n<p>&#8211; Medlem af H\u00e5ndv\u00e6rkernes Anken\u00e6vn<\/p>\n<p>Du finder os, Malerfirma Kaj Vejby &amp; S\u00f8n, p\u00e5 Vandv\u00e6rksvej 23 i Hj\u00f8rring. Herfra udf\u00f8rer vi en lang r\u00e6kke special-opgaver. Vi udf\u00f8rer opgaver ikke alene i Hj\u00f8rring og omegn, men i hele Nordjylland. Vi vil ogs\u00e5 gerne udf\u00f8re opgaver for dig.<\/p>\n<p><strong>Kontakt os allerede i dag for et uforpligtende tilbud eller en snak om dine muligheder.<\/strong><\/p>\n<p style=\"text-align: center;\"><a href=\"mailto:info@vejbyogson.dk\" class=\"blue-cta\">Skriv til os<\/a>\u00a0<a href=\"tel:+4540583063\" rel=\"nofollow\" class=\"blue-cta\">Eller ring p\u00e5 4058 3063<\/a><\/p>\n<p>[\/et_pb_text][\/et_pb_column][\/et_pb_row][et_pb_row _builder_version=&#8221;3.25&#8243;][et_pb_column type=&#8221;4_4&#8243; _builder_version=&#8221;3.25&#8243; custom_padding=&#8221;|||&#8221; custom_padding__hover=&#8221;|||&#8221;][\/et_pb_column][\/et_pb_row][\/et_pb_section]<\/p>\n","protected":false},"excerpt":{"rendered":"<p>[et_pb_section fb_built=&#8221;1&#8243; fullwidth=&#8221;on&#8221; _builder_version=&#8221;3.22.3&#8243;][et_pb_fullwidth_slider _builder_version=&#8221;4.4.6&#8243; background_repeat=&#8221;repeat&#8221; auto=&#8221;on&#8221; button_text_size__hover_enabled=&#8221;off&#8221; button_one_text_size__hover_enabled=&#8221;off&#8221; button_two_text_size__hover_enabled=&#8221;off&#8221; button_text_color__hover_enabled=&#8221;off&#8221; button_one_text_color__hover_enabled=&#8221;off&#8221; button_two_text_color__hover_enabled=&#8221;off&#8221; button_border_width__hover_enabled=&#8221;off&#8221; button_one_border_width__hover_enabled=&#8221;off&#8221; button_two_border_width__hover_enabled=&#8221;off&#8221; button_border_color__hover_enabled=&#8221;off&#8221; button_one_border_color__hover_enabled=&#8221;off&#8221; button_two_border_color__hover_enabled=&#8221;off&#8221; button_border_radius__hover_enabled=&#8221;off&#8221; button_one_border_radius__hover_enabled=&#8221;off&#8221; button_two_border_radius__hover_enabled=&#8221;off&#8221; button_letter_spacing__hover_enabled=&#8221;off&#8221; button_one_letter_spacing__hover_enabled=&#8221;off&#8221; button_two_letter_spacing__hover_enabled=&#8221;off&#8221; button_bg_color__hover_enabled=&#8221;off&#8221; button_one_bg_color__hover_enabled=&#8221;off&#8221; button_two_bg_color__hover_enabled=&#8221;off&#8221;][et_pb_slide _builder_version=&#8221;3.16&#8243; background_color=&#8221;#ffffff&#8221; background_image=&#8221;https:\/\/vejbyogson.dk\/wp-content\/uploads\/2018\/05\/Gulvbehandling_Slider1.jpg&#8221; button_text_size__hover_enabled=&#8221;off&#8221; button_one_text_size__hover_enabled=&#8221;off&#8221; button_two_text_size__hover_enabled=&#8221;off&#8221; button_text_color__hover_enabled=&#8221;off&#8221; button_one_text_color__hover_enabled=&#8221;off&#8221; button_two_text_color__hover_enabled=&#8221;off&#8221; button_border_width__hover_enabled=&#8221;off&#8221; button_one_border_width__hover_enabled=&#8221;off&#8221; button_two_border_width__hover_enabled=&#8221;off&#8221; button_border_color__hover_enabled=&#8221;off&#8221; button_one_border_color__hover_enabled=&#8221;off&#8221; button_two_border_color__hover_enabled=&#8221;off&#8221; button_border_radius__hover_enabled=&#8221;off&#8221; button_one_border_radius__hover_enabled=&#8221;off&#8221; button_two_border_radius__hover_enabled=&#8221;off&#8221; button_letter_spacing__hover_enabled=&#8221;off&#8221; button_one_letter_spacing__hover_enabled=&#8221;off&#8221; button_two_letter_spacing__hover_enabled=&#8221;off&#8221; button_bg_color__hover_enabled=&#8221;off&#8221; button_one_bg_color__hover_enabled=&#8221;off&#8221; button_two_bg_color__hover_enabled=&#8221;off&#8221;][\/et_pb_slide][et_pb_slide _builder_version=&#8221;3.16&#8243; background_color=&#8221;#ffffff&#8221; background_image=&#8221;https:\/\/vejbyogson.dk\/wp-content\/uploads\/2018\/05\/Gulvbehandling_Slider3.jpg&#8221; [&hellip;]<\/p>\n","protected":false},"author":1,"featured_media":0,"parent":77,"menu_order":0,"comment_status":"closed","ping_status":"closed","template":"","meta":{"_et_pb_use_builder":"on","_et_pb_old_content":"","_et_gb_content_width":"","footnotes":""},"class_list":["post-149","page","type-page","status-publish","hentry"],"yoast_head":"<!-- This site is optimized with the Yoast SEO plugin v26.8 - https:\/\/yoast.com\/product\/yoast-seo-wordpress\/ -->\n<title>Gulvbehandling - Professionel behandling af dit gulv<\/title>\n<meta name=\"description\" content=\"Vejby og S\u00f8n tilbyder vi flere former for gulvbehandling p\u00e5 alle typer gulv. L\u00e6s mere om hvordan vi kan hj\u00e6lpe dig, og f\u00e5 en uforpligtende snak med os her.\" \/>\n<meta name=\"robots\" content=\"index, follow, max-snippet:-1, max-image-preview:large, max-video-preview:-1\" \/>\n<link rel=\"canonical\" href=\"https:\/\/vejbyogson.dk\/?page_id=149\" \/>\n<meta property=\"og:locale\" content=\"da_DK\" \/>\n<meta property=\"og:type\" content=\"article\" \/>\n<meta property=\"og:title\" content=\"Gulvbehandling - Professionel behandling af dit gulv\" \/>\n<meta property=\"og:description\" content=\"Vejby og S\u00f8n tilbyder vi flere former for gulvbehandling p\u00e5 alle typer gulv. L\u00e6s mere om hvordan vi kan hj\u00e6lpe dig, og f\u00e5 en uforpligtende snak med os her.\" \/>\n<meta property=\"og:url\" content=\"https:\/\/vejbyogson.dk\/?page_id=149\" \/>\n<meta property=\"og:site_name\" content=\"Malerfirma Kaj Vejby &amp; S\u00f8n\" \/>\n<meta property=\"article:modified_time\" content=\"2020-05-14T19:36:29+00:00\" \/>\n<meta name=\"twitter:card\" content=\"summary_large_image\" \/>\n<meta name=\"twitter:label1\" content=\"Estimeret l\u00e6setid\" \/>\n\t<meta name=\"twitter:data1\" content=\"8 minutter\" \/>\n<script type=\"application\/ld+json\" class=\"yoast-schema-graph\">{\"@context\":\"https:\/\/schema.org\",\"@graph\":[{\"@type\":\"WebPage\",\"@id\":\"https:\/\/vejbyogson.dk\/?page_id=149\",\"url\":\"https:\/\/vejbyogson.dk\/?page_id=149\",\"name\":\"Gulvbehandling - Professionel behandling af dit gulv\",\"isPartOf\":{\"@id\":\"https:\/\/vejbyogson.dk\/#website\"},\"datePublished\":\"2018-04-19T10:22:48+00:00\",\"dateModified\":\"2020-05-14T19:36:29+00:00\",\"description\":\"Vejby og S\u00f8n tilbyder vi flere former for gulvbehandling p\u00e5 alle typer gulv. L\u00e6s mere om hvordan vi kan hj\u00e6lpe dig, og f\u00e5 en uforpligtende snak med os her.\",\"breadcrumb\":{\"@id\":\"https:\/\/vejbyogson.dk\/?page_id=149#breadcrumb\"},\"inLanguage\":\"da-DK\",\"potentialAction\":[{\"@type\":\"ReadAction\",\"target\":[\"https:\/\/vejbyogson.dk\/?page_id=149\"]}]},{\"@type\":\"BreadcrumbList\",\"@id\":\"https:\/\/vejbyogson.dk\/?page_id=149#breadcrumb\",\"itemListElement\":[{\"@type\":\"ListItem\",\"position\":1,\"name\":\"Hjem\",\"item\":\"https:\/\/vejbyogson.dk\/\"},{\"@type\":\"ListItem\",\"position\":2,\"name\":\"Vi tilbyder\",\"item\":\"https:\/\/vejbyogson.dk\/?page_id=77\"},{\"@type\":\"ListItem\",\"position\":3,\"name\":\"Gulvbehandling\"}]},{\"@type\":\"WebSite\",\"@id\":\"https:\/\/vejbyogson.dk\/#website\",\"url\":\"https:\/\/vejbyogson.dk\/\",\"name\":\"Malerfirma Kaj Vejby &amp; S\u00f8n\",\"description\":\"Malerfirma Kaj Vejby &amp; S\u00f8n\",\"potentialAction\":[{\"@type\":\"SearchAction\",\"target\":{\"@type\":\"EntryPoint\",\"urlTemplate\":\"https:\/\/vejbyogson.dk\/?s={search_term_string}\"},\"query-input\":{\"@type\":\"PropertyValueSpecification\",\"valueRequired\":true,\"valueName\":\"search_term_string\"}}],\"inLanguage\":\"da-DK\"}]}<\/script>\n<!-- \/ Yoast SEO plugin. -->","yoast_head_json":{"title":"Gulvbehandling - Professionel behandling af dit gulv","description":"Vejby og S\u00f8n tilbyder vi flere former for gulvbehandling p\u00e5 alle typer gulv. L\u00e6s mere om hvordan vi kan hj\u00e6lpe dig, og f\u00e5 en uforpligtende snak med os her.","robots":{"index":"index","follow":"follow","max-snippet":"max-snippet:-1","max-image-preview":"max-image-preview:large","max-video-preview":"max-video-preview:-1"},"canonical":"https:\/\/vejbyogson.dk\/?page_id=149","og_locale":"da_DK","og_type":"article","og_title":"Gulvbehandling - Professionel behandling af dit gulv","og_description":"Vejby og S\u00f8n tilbyder vi flere former for gulvbehandling p\u00e5 alle typer gulv. L\u00e6s mere om hvordan vi kan hj\u00e6lpe dig, og f\u00e5 en uforpligtende snak med os her.","og_url":"https:\/\/vejbyogson.dk\/?page_id=149","og_site_name":"Malerfirma Kaj Vejby &amp; S\u00f8n","article_modified_time":"2020-05-14T19:36:29+00:00","twitter_card":"summary_large_image","twitter_misc":{"Estimeret l\u00e6setid":"8 minutter"},"schema":{"@context":"https:\/\/schema.org","@graph":[{"@type":"WebPage","@id":"https:\/\/vejbyogson.dk\/?page_id=149","url":"https:\/\/vejbyogson.dk\/?page_id=149","name":"Gulvbehandling - Professionel behandling af dit gulv","isPartOf":{"@id":"https:\/\/vejbyogson.dk\/#website"},"datePublished":"2018-04-19T10:22:48+00:00","dateModified":"2020-05-14T19:36:29+00:00","description":"Vejby og S\u00f8n tilbyder vi flere former for gulvbehandling p\u00e5 alle typer gulv. L\u00e6s mere om hvordan vi kan hj\u00e6lpe dig, og f\u00e5 en uforpligtende snak med os her.","breadcrumb":{"@id":"https:\/\/vejbyogson.dk\/?page_id=149#breadcrumb"},"inLanguage":"da-DK","potentialAction":[{"@type":"ReadAction","target":["https:\/\/vejbyogson.dk\/?page_id=149"]}]},{"@type":"BreadcrumbList","@id":"https:\/\/vejbyogson.dk\/?page_id=149#breadcrumb","itemListElement":[{"@type":"ListItem","position":1,"name":"Hjem","item":"https:\/\/vejbyogson.dk\/"},{"@type":"ListItem","position":2,"name":"Vi tilbyder","item":"https:\/\/vejbyogson.dk\/?page_id=77"},{"@type":"ListItem","position":3,"name":"Gulvbehandling"}]},{"@type":"WebSite","@id":"https:\/\/vejbyogson.dk\/#website","url":"https:\/\/vejbyogson.dk\/","name":"Malerfirma Kaj Vejby &amp; S\u00f8n","description":"Malerfirma Kaj Vejby &amp; S\u00f8n","potentialAction":[{"@type":"SearchAction","target":{"@type":"EntryPoint","urlTemplate":"https:\/\/vejbyogson.dk\/?s={search_term_string}"},"query-input":{"@type":"PropertyValueSpecification","valueRequired":true,"valueName":"search_term_string"}}],"inLanguage":"da-DK"}]}},"_links":{"self":[{"href":"https:\/\/vejbyogson.dk\/index.php?rest_route=\/wp\/v2\/pages\/149","targetHints":{"allow":["GET"]}}],"collection":[{"href":"https:\/\/vejbyogson.dk\/index.php?rest_route=\/wp\/v2\/pages"}],"about":[{"href":"https:\/\/vejbyogson.dk\/index.php?rest_route=\/wp\/v2\/types\/page"}],"author":[{"embeddable":true,"href":"https:\/\/vejbyogson.dk\/index.php?rest_route=\/wp\/v2\/users\/1"}],"replies":[{"embeddable":true,"href":"https:\/\/vejbyogson.dk\/index.php?rest_route=%2Fwp%2Fv2%2Fcomments&post=149"}],"version-history":[{"count":18,"href":"https:\/\/vejbyogson.dk\/index.php?rest_route=\/wp\/v2\/pages\/149\/revisions"}],"predecessor-version":[{"id":842,"href":"https:\/\/vejbyogson.dk\/index.php?rest_route=\/wp\/v2\/pages\/149\/revisions\/842"}],"up":[{"embeddable":true,"href":"https:\/\/vejbyogson.dk\/index.php?rest_route=\/wp\/v2\/pages\/77"}],"wp:attachment":[{"href":"https:\/\/vejbyogson.dk\/index.php?rest_route=%2Fwp%2Fv2%2Fmedia&parent=149"}],"curies":[{"name":"wp","href":"https:\/\/api.w.org\/{rel}","templated":true}]}}